se 5*m = 4*m + 369. Suppose 267 = 12*n - m. Is n composite?
False
Let r = 2934 + -1760. Is r a composite number?
True
Suppose 9*d - 16*d = -34181. Is d a composite number?
True
Suppose 0 = o + 5*u - 32, 5*o - 4*u - 20 = 2*o. Is 8*(2 + 63/o) prime?
False
Let b(z) = -5 + z - 27*z**2 + 3 + 3*z**2 + 0. Let o be b(4). Is (-30)/(-20)*o/(-3) a composite number?
False
Let p(l) = 806*l - 81. Is p(4) prime?
False
Suppose -3395 = -35*r + 63140. Is r a composite number?
False
Let y(j) = 44*j**2 + 12*j - 103. Is y(15) a prime number?
False
Let l(d) = 719*d**2 + 27*d + 151. Is l(-7) composite?
True
Suppose 5*p - 15 = 15. Suppose p*u - 9*u = -3*j - 2292, -5*j - 2298 = -3*u. Is u prime?
True
Let x(v) = -3967*v**3. Is x(-1) composite?
False
Suppose -4*k + 12632 = -423492. Is k prime?
False
Let x = -103 - -249. Suppose 0*r - r = -x. Let p = -79 + r. Is p prime?
True
Suppose -3*t + 6*z = z - 843, 0 = -z. Let y = 1078 - t. Suppose -3*a - 4*d + y + 506 = 0, 2*d + 2189 = 5*a. Is a a composite number?
True
Suppose 4*x + 4*u - 2471 = 65, 0 = -3*x + 4*u + 1895. Suppose 2*c = -c + x. Is c prime?
True
Let v = 350 - 166. Suppose 3*q - 591 = -g - g, q + 5*g - v = 0. Let l = q + -122. Is l a prime number?
False
Suppose -2*i - 56*t + 19327 = -51*t, -19317 = -2*i + 5*t. Is i prime?
True
Let o(q) = q**2 + q + 1. Let k be o(-3). Suppose -8*b + k = -7*b. Suppose 3*w + 326 = a + b, 5*a - 1647 = 2*w. Is a composite?
False
Let m(f) = 9*f - 30. Is m(13) a composite number?
True
Suppose -3*z + 1327 = 5*v, -3*z = -5*v - 0*z + 1333. Suppose -3*w + 2525 - v = 0. Is w composite?
True
Let p be (1/4)/(3/24). Let t = 10 - p. Let r(f) = f**3 - 6*f**2 - f - 1. Is r(t) composite?
True
Let v(b) be the second derivative of b**5/20 + 7*b**4/6 + 4*b**3/3 + 3*b**2 - 14*b. Is v(-9) prime?
False
Let k(y) = 43*y**2 + 19*y + 51. Is k(-20) prime?
True
Let l be 18/8 + 2/(-8). Suppose -92 = -p - u + 13, -l*p - 5*u + 195 = 0. Suppose -v + 5 = -p. Is v a prime number?
False
Is 25368497/1573 + 6/(-13) composite?
False
Suppose -7 = -2*l + 33. Suppose 3*g + 4*d - 30 = 5*d, -49 = -5*g + 2*d. Let j = g + l. Is j composite?
False
Let t(k) = 5*k**2 + 21*k - 7. Let p(r) = -5*r**2 - 20*r + 8. Let z(c) = -6*p(c) - 5*t(c). Is z(11) composite?
False
Is 6 + (2 - -1317*9) a prime number?
False
Let c be 2/(1 - (1 + 2)). Let v be (0 + 1)*1 - c. Is 170 + 5 + (v - -1) a prime number?
False
Let a be (-3)/(-4) - (-5)/4. Suppose a*l - 1355 = 1319. Is l a prime number?
False
Suppose 0 = 4*b + 3*y - 28862, 6*b - 3*y = 44508 - 1200. Is b prime?
False
Suppose 21 = 5*p + 5*u - 2*u, -3*p = 5*u - 19. Suppose 2*g - r = 617, 5*r = -p*g + 410 + 522. Is g composite?
True
Suppose 10*a - 104823 = 80207. Is a composite?
False
Let j be (7 - 5/1) + 1079. Suppose 0 = -13*v + j + 466. Is v composite?
True
Suppose 3*n + 6 = 3*t - 0, 4*t + 2*n = 8. Is ((-2)/(4 - t))/(6/(-114)) prime?
True
Let c(q) be the second derivative of -53*q**4/6 - q**3/6 + 6*q**2 - 8*q. Let z(k) be the first derivative of c(k). Is z(-1) a composite number?
False
Let d = -13 + 13. Let y be (3 + -4)/(-1) + 3. Suppose n - 5*o - 317 = -d*n, -4*n + 1268 = -y*o. Is n composite?
False
Suppose -20 = -4*m - m. Let y be (-2 + 0)*(-6)/m. Let u(l) = l + 3. Is u(y) a composite number?
True
Let g = -27 - -31. Let s be 15/g + (-6)/8. Suppose 3*x + 214 = h, h = -s*h + 3*x + 811. Is h a prime number?
True
Let b = 20 - -254. Is b prime?
False
Suppose 6*b - 9 = 3*b, 66760 = 5*r - 5*b. Is r prime?
False
Let t(j) = 3*j - 8. Let z be t(0). Let d be (-4 + 1)*z/24. Is (-2 + d)/(8/(-5480)) a composite number?
True
Let f = 13 + -26. Suppose 9*j - 13*j = -264. Let h = j - f. Is h prime?
True
Suppose -4*t + 3*h - 342 = 1566, -h + 4 = 0. Suppose 3*n + n = -148. Let q = n - t. Is q a composite number?
True
Let q = -137 - -141. Suppose 2*o - q*i = 5038, o - 3*o + i + 5041 = 0. Is o a prime number?
True
Suppose -4*g - 191 = -5*g. Suppose 3*n = 5*y - g, 2*y - 4*n + 0*n - 82 = 0. Is y prime?
True
Let n = 4 + -2. Suppose -3*c = -2*y - 0*y - 7, -7 = y + n*c. Let m(q) = -2*q + 5. Is m(y) prime?
False
Suppose -43664 = 8*d + 600. Is 0 - d - (0 - 1 - -3) prime?
True
Suppose k - 3*c - 5 = 1637, c = 5*k - 8168. Suppose k = 2*h - 1437. Is h a prime number?
False
Suppose 3*q - 7 - 8 = 0. Let c(i) = -255*i - 1. Let b be c(q). Let j = 2391 + b. Is j prime?
False
Suppose 4*l = -2*a + 6*a + 16, 0 = -4*a - 4. Suppose -l*c + 9 = -5*w, -c - c = -6. Suppose 0*r - 3*r + 222 = w. Is r prime?
False
Let r = -573 + -274. Let y = r - -1254. Is y prime?
False
Is 7801/7 + 10/210*12 a composite number?
True
Suppose 5*g - 9*g = -41396. Is 12/66 - g/(-11) prime?
True
Suppose w - o = 8, 2*w - 5*o = 11 + 14. Suppose 5*m + 510 = w*k, -m + 3 = 2*m. Is k a composite number?
False
Let s be 190 + (-20)/(-15)*-3. Suppose -7*p - s = -13*p. Is p a prime number?
True
Is (-1)/4 + (-70974)/(-24) a prime number?
True
Suppose 5*x + 8 = 23. Suppose -4*s - x*t = -t - 1014, 0 = -5*t + 25. Is s composite?
False
Suppose -3*s - 3 + 12 = 0. Let u be 2 + (-1 - 0) - s. Is (u/3)/(8/(-1428)) prime?
False
Let u(t) = 440*t - 9. Let m be u(6). Suppose 4*g - 3512 = 2*q, -2*g + 3*q + m = g. Suppose -2*d - g = -3*a, -a + 4*d + 434 - 131 = 0. Is a a prime number?
False
Let o(k) = -k**3 + 12*k**2 + 13*k + 29. Let r be o(12). Suppose 9*x = r - 50. Is x composite?
True
Suppose 2*u - 402 = -0*u. Let n = -140 + u. Let z = -6 + n. Is z a prime number?
False
Let z(v) = v**2 - 11*v - 19. Let p be z(13). Let i(a) = a**2 - 5*a - 7. Let b be i(p). Let u(x) = -x**3 + 8*x**2 - 7*x + 7. Is u(b) prime?
True
Suppose 19*w = 17*w - 5*a + 98579, -49285 = -w - 4*a. Is w composite?
False
Suppose 0 = 5*s - x - 365154, s - 32858 = 5*x + 40168. Is s prime?
False
Suppose 4*m - 6*v = -2*v + 24, 0 = -v - 1. Suppose 0*p = m*p + 100. Is 764/(-6)*30/p prime?
True
Let q be (-2)/10 + (-4)/(-20). Suppose q = 2*z - 1692 - 1822. Is z a prime number?
False
Let m be (-8126)/(-4) - (-14)/(-28). Suppose 9*z = 6*z + m. Is z prime?
True
Let k(s) = 250*s**2 + 58*s - 349. Is k(7) composite?
True
Let j be 88/11 - (5 - 1). Suppose 9 = 3*r - 0, 0 = 5*q - j*r - 1033. Is q a prime number?
False
Is (-11 - -10)*4831*2/(-2) composite?
False
Let g(w) = 7*w**3 + 8*w**2 + 2*w - 5. Let u(a) = -8*a**3 - 9*a**2 - 3*a + 5. Let r(j) = 7*g(j) + 6*u(j). Is r(6) a composite number?
True
Suppose -4*r - 362 = -2*k, -3*k - r - r + 567 = 0. Is k a composite number?
True
Let g(o) be the second derivative of o**5/30 + o**4/4 - o**3/2 - 2*o**2 + o. Let a(n) be the first derivative of g(n). Is a(5) a prime number?
False
Let t = 6 + -6. Suppose t*s = -5*s + 20. Suppose 0 = -4*q + s*z + 180, -6*q = -2*q + 2*z - 204. Is q a composite number?
True
Let j = -35 + 39. Is (58/(-6) + j)*-51 composite?
True
Let v(u) be the first derivative of u**4 - 10*u**3/3 - 5*u - 94. Suppose -3*b - 3*l + 8*l = -1, -l - 10 = -2*b. Is v(b) a composite number?
False
Let f(n) = 3*n**2 - 4*n + 1. Let i(q) = q + 2. Let l be i(4). Is f(l) composite?
True
Suppose -2*d + 0*d = -4176. Suppose -3*g = -u + 2*g + 501, 0 = -4*u - g + d. Is u a composite number?
False
Let h(l) = l**3 + 37*l**2 + 6*l - 15. Is h(-27) a prime number?
False
Suppose -121114 = -100*o + 86*o. Is o composite?
True
Let p(u) = 5*u + 13. Let h be p(-3). Is (h + 0)/(-2)*(-14 - -2403) composite?
False
Let m(s) be the second derivative of -s**5/10 - 2*s**4/3 - 7*s**3/6 - 7*s**2 + 2*s - 2. Is m(-7) a prime number?
False
Suppose 3*m - 363863 = -2*o, -5*m - 3*o + 606439 = -0*m. Is m a prime number?
False
Suppose 10*v - 8*v - 33740 = 0. Suppose 5*w + 4*x - 2*x = 16849, -5*w + 5*x = -v. Is w prime?
True
Let b(p) = 598*p**2 + 4*p + 6. Let t be b(-2). Suppose z - 6*z = -t. Is z a prime number?
False
Suppose 1277 = 3*n - 1036. Is n a composite number?
True
Is 13522/((-10)/(-35) + (-48)/(-28)) prime?
True
Let z(l) be the second derivative of 4*l + 0 + 5/6*l**3 - 1/12*l**4 - 1/20*l**5 + 5/2*l**2. Is z(-6) prime?
False
Let h(n) = -n + 4. Let d be h(-6). Is (1595/d)/(2/4) a composite number?
True
Let a = 5 + -3. Let d(p) = p**2 - 8*p + 8. Let j be d(13). Suppose a*o - j = 45. Is o composite?
False
Let h(p) = -p**2 - 26*p + 30. Let z be h(-27). Suppose -z*q + 8*q - 5485 = 0. Is q prime?
True
Let u(p) = 10*p**2 + 5*p - 4. Let l be u(5). Suppose 2*f + 3*f = -5*r, 3*r - 3 = -4*f. Suppose y = -f*m + 404, 4*m + y - 